5*r, -3*r + 9*d = -27339. List the prime factors of r.
2, 4567
Let m(s) = 18*s**3 + 6*s**2 - 40*s - 43. What are the prime factors of m(6)?
3821
Let k = 932 - 155. What are the prime factors of k?
3, 7, 37
Suppose 4*q + 330 = 2*g + 3244, -2902 = -4*q - 2*g. What are the prime factors of q?
727
Suppose 32*j = 126012 + 157544 + 312700. What are the prime factors of j?
3, 6211
Let l be (-316)/(-28) - 2/7. Suppose -3*p + 3*d = -38 - 28, -2*p + 4*d + 48 = 0. Let k = p - l. What are the prime factors of k?
3
Let n = -44 + -29. Let c = n + 70. What are the prime factors of 2/1 + 115 + (-2 - c)?
2, 59
Let w = -3924 - -12282. List the prime factors of w.
2, 3, 7, 199
Suppose 2*n - 17755 + 1539 = -5*g, 0 = n - g - 8115. What are the prime factors of n?
7, 19, 61
Suppose 25*o + 185 = 62*o. Suppose 3013 = 3*b + m, -o*m + 4690 = 5*b - 315. List the prime factors of b.
2, 503
Suppose 0 = -2*w + 3*n + 2551, 164*w - 163*w = 4*n + 1263. What are the prime factors of w?
1283
Let n(l) = -l**2 + 12*l + 34. Let w be n(22). Let i = w - -317. List the prime factors of i.
131
Suppose -8*w + 114 = -22. Suppose -146 = -w*j + 15*j. Suppose 0 = 10*x - 8*x - p - 27, -3*p = 5*x - j. What are the prime factors of x?
2, 7
Suppose 39*o = -23*o + 372. Let w(l) be the first derivative of -l**4/2 + 4*l**3 + l**2 - 8*l - 1. List the prime factors of w(o).
2
Suppose -10725 = -w - 5*q, 0 = -8*q + 9*q + 2. What are the prime factors of w?
5, 19, 113
Suppose 14*x - 9234 + 1072 = 0. Let z = x + -369. List the prime factors of z.
2, 107
Let m = -111964 - -163304. What are the prime factors of m?
2, 5, 17, 151
Suppose -2*f + 72 = 4*o - 6*f, 4*f - 12 = -2*o. Let m = -411 + 605. Suppose o*y = 12*y + m. What are the prime factors of y?
97
Let t = -227 + 233. What are the prime factors of (2*t)/((-16)/(-56))?
2, 3, 7
Let d = 2197 - 1558. What are the prime factors of ((-32)/8)/((-6)/d)?
2, 3, 71
Suppose 4*l = -4*z - 16, 0 = z - 3*l + 16. List the prime factors of (-4)/1*(355/(-20) + z).
3, 11
Let t = 0 + 14. Let j = 292 + t. What are the prime factors of j?
2, 3, 17
Suppose 6*m = 2*m - 476. Let t = -52 - m. Let y = t + 184. What are the prime factors of y?
251
Suppose -3*i = 5*u - 14, 2*i - 5*u = -28 + 4. Let k be (i/(-6))/(4/24). Suppose 3*b + c - 74 = -2*b, 73 = 5*b + k*c. List the prime factors of b.
3, 5
Let v(t) = t**3 + 1025. Let d be v(0). Suppose c = -c - 6, -2*q = -c - d. Suppose 8*k - q = k. What are the prime factors of k?
73
Let y = 38 + -32. Suppose 0*p - 558 = y*p. Let n = p - -159. What are the prime factors of n?
2, 3, 11
Suppose -4*n - 23 = -55. Suppose 5*d = n*d. Suppose d*k = -3*i - k + 44, i - 2*k - 3 = 0. What are the prime factors of i?
13
Suppose 198372 = 48*s - 298140. List the prime factors of s.
2, 3, 431
Suppose 330*u + 10384 = 328*u. What are the prime factors of -2*(u/16 - 4)?
3, 73
Let r(i) = -i**3 + 7*i**2 + 4*i - 10. Let p be r(7). Suppose 0 = p*k + 2678 - 9824. What are the prime factors of k?
397
Let p(i) = -i**2 - 6*i + 22. Let t be (-6)/(2/(24/9)). Let z be p(t). Suppose -27 = z*y - 489. List the prime factors of y.
7, 11
Suppose 27*o - 5442 = 22854. Suppose -x = -w + 306, 5*w - o - 490 = 3*x. List the prime factors of w.
2, 5, 31
Let c = -18 + 20. Suppose c*t = 3*y + 219, -2*y - 220 = -0*t - 2*t. Suppose 3*i - u - 100 = 0, -t = -4*i - 4*u + 1. What are the prime factors of i?
2
Let c(p) = 39*p + 231. Let r be c(-6). Let z(o) = -404*o - 112. List the prime factors of z(r).
2, 5, 11
Let q(i) = 724*i**2 + 2*i - 15. Let t be q(4). Suppose -14643 - t = -30*g. List the prime factors of g.
2, 19, 23
Let d be 3646 + -32 + (-1 - -5). Let p = d + -2506. What are the prime factors of p?
2, 139
Let z(n) = 6*n + 32. Let g be z(-5). Suppose -g*c + i + 558 = -65, -9 = 3*i. List the prime factors of c.
2, 5, 31
Suppose 3*p = -19 + 1. Let y(b) = b**2 - 8*b - 11. What are the prime factors of y(p)?
73
Let i(b) be the first derivative of -b**4/4 + 3*b**3 + 59*b**2/2 + 14*b - 20. What are the prime factors of i(10)?
2, 3, 7
Suppose 0 = -3*h + 2*k + 43232 + 7471, k = -3. List the prime factors of h.
3, 43, 131
List the prime factors of 0 + 9642 + 33 + -22 + -4.
9649
Let s = -584 + 1011. Let m = s + -226. What are the prime factors of m?
3, 67
Let f(n) = n**2 - 7 - 27 - 24 - 4*n + 35. Let v(y) = y**3 + 5*y**2 + y + 1. Let a be v(-4). What are the prime factors of f(a)?
2, 47
Let m = 207 - 205. List the prime factors of (2536/36*-6)/(m/(-3)).
2, 317
Let p(b) = 1236*b**2 + 159*b - 470. List the prime factors of p(3).
11131
Suppose -2*n - v + 703 = 0, -3*n - 4*v = -n - 694. Let w = n - 244. Suppose -4*o = -59 - w. What are the prime factors of o?
2, 3, 7
Let d = 3527 - -31740. What are the prime factors of d?
35267
Suppose 3 = -42*z + 43*z. Let x be (z - 3)/((1 - -3) + -2). Suppose -5*d = -4*m + 282, -m + x*d + 3*d + 67 = 0. What are the prime factors of m?
73
Let z(t) = -t**3 + 24*t**2 + 67*t - 83. Let k be z(29). Let i = -546 - k. What are the prime factors of i?
7, 257
List the prime factors of 2 - -285869*2/8 - (-354)/472.
2, 5, 7, 1021
Suppose -10 = 14*x - 66. Suppose -x*o = -14*o + 2910. List the prime factors of o.
3, 97
Suppose -i - 1 = 1. List the prime factors of i/(((-18)/297)/(127/3)).
11, 127
Let g = 46 - 42. Suppose 0 = -5*h + 8*d - g*d + 3811, h - 755 = -d. What are the prime factors of h?
3, 11, 23
Suppose 2*w + 6 = 0, -b - 2*w + 8 = -11. Suppose -9*s = b - 34. List the prime factors of ((-3)/3)/(s/(-116)).
2, 29
Suppose 20957 = 4*f - 9451. List the prime factors of f.
2, 3, 7, 181
List the prime factors of 26/78 - (36318/(-18) - 4).
2, 3, 337
Suppose 12*m = 8*m + 16. Suppose 2*r = -4*l + 108, -l - 153 = -2*r + m*l. What are the prime factors of r?
2
Suppose -5*g - u - 4*u = 145, 3*g + 5*u = -89. Let n be -2*4/(-44) - 912/(-66). What are the prime factors of 374/n - 8/g?
3
Suppose 4*m = 5*o - 19, 3*o + 2*o = -3*m + 47. List the prime factors of 364 - (3/o - 31/7).
2, 23
Suppose -5*g = -6*g + 7*g - 52344. List the prime factors of g.
2, 3, 727
List the prime factors of 11 + 126/(-9) + 2503.
2, 5
Suppose 7*h - 1961 + 7449 = 0. Let d = h - -1372. What are the prime factors of d?
2, 3, 7
Let z(u) = u**2 - 15*u - 77. Let c be z(-4). List the prime factors of 19196/16 + c/(-4).
2, 3, 5
What are the prime factors of (15 - 4) + 33732 + (-3)/(-9)*-3?
2, 16871
Suppose -795*k = -805*k + 49810. List the prime factors of k.
17, 293
Suppose -t = -2*f - 10, 0*t = 5*f + t + 18. What are the prime factors of 2 + (f - -2) - -112?
2, 7
Suppose 3440 = -0*z + 5*z. Suppose q = 3*c + c + 326, 2*q = -4*c + z. List the prime factors of q.
2, 13
Suppose -4*k + 15 = -k. Suppose 4*h - 8 = -2*m, k*h = 2*m - 0*m + 28. Suppose h*j - 7*j = -39. What are the prime factors of j?
13
Let c = -127 - 2. Let z = c - -107. Let u = 145 - z. List the prime factors of u.
167
Let i = -7962 + 8607. What are the prime factors of i?
3, 5, 43
Suppose -n + 12079 = -a, 8*a = 3*n + 4*a - 36240. List the prime factors of n.
2, 3019
Let i(g) = -6618*g + 420. What are the prime factors of i(-2)?
2, 3, 569
Let x = 365 - -96. Suppose 5*s = 5*v + 6695, -3*v + 4916 + x = 4*s. List the prime factors of s.
2, 11, 61
Let n = -98 - -99. Let c be (n - -2)/(-4 - -1). What are the prime factors of c/(-3)*((4 - 3) + 185)?
2, 31
Suppose 187*a = 180*a + 295400. List the prime factors of a.
2, 5, 211
Let h(d) = -d**2 - 5*d + 4. Let b be h(-5). Let v = -136 + 348. Suppose b*k + 4*g - v - 44 = 0, 4*g = 5*k - 275. List the prime factors of k.
59
Let k(n) = -72*n. Let h(g) = -73*g - 1. Let q(a) = -7*h(a) + 6*k(a). Let c be q(-5). Let w = c + 585. What are the prime factors of w?
197
Suppose -67956 = -9*s + 3*m, -5*s + 9*s = -m + 30212. List the prime factors of s.
2, 59
Let h(t) = -9*t + 23. Let c be (3 - -1)*(3 + 21/(-2)). Let x = c - -24. What are the prime factors of h(x)?
7, 11
Let t(z) = -77*z**3 + 28*z**2 - 67*z - 380. List the prime factors of t(-6).
2, 8831
Suppose q = -i - 3 + 6, 3*i = 3*q + 3. Let u be 10 - 12 - 1489*q. What are the prime factors of (-2)/4 + u/(-14)?
2, 53
Suppose -16*c + 156 = -77108. List the prime factors of c.
11, 439
Let r be (2 - 3/2)*-562. Let d = r + 1179. List the prime factors of d.
2, 449
Suppose -26*t + 7 = -7039. Suppose w + 20 = t. List the prime factors of w.
251
Suppose 0 = -15*t + 3*t. 